{"id":10,"date":"2020-10-24T14:45:16","date_gmt":"2020-10-24T12:45:16","guid":{"rendered":"http:\/\/aureliadoula.fr\/?page_id=10"},"modified":"2025-04-17T13:42:42","modified_gmt":"2025-04-17T11:42:42","slug":"soins-postpartum","status":"publish","type":"page","link":"https:\/\/aureliadoula.fr\/index.php\/soins-postpartum\/","title":{"rendered":"Soins postpartum"},"content":{"rendered":"\t\t<div data-elementor-type=\"wp-page\" data-elementor-id=\"10\" class=\"elementor elementor-10\">\n\t\t\t\t\t\t<section class=\"elementor-section elementor-top-section elementor-element elementor-element-b6d586e elementor-section-boxed elementor-section-height-default elementor-section-height-default\" data-id=\"b6d586e\" data-element_type=\"section\" data-e-type=\"section\">\n\t\t\t\t\t\t<div class=\"elementor-container elementor-column-gap-default\">\n\t\t\t\t\t<div class=\"elementor-column elementor-col-33 elementor-top-column elementor-element elementor-element-554354c\" data-id=\"554354c\" data-element_type=\"column\" data-e-type=\"column\">\n\t\t\t<div class=\"elementor-widget-wrap elementor-element-populated\">\n\t\t\t\t\t\t<div class=\"elementor-element elementor-element-6076789 elementor-widget elementor-widget-image-gallery\" data-id=\"6076789\" data-element_type=\"widget\" data-e-type=\"widget\" data-widget_type=\"image-gallery.default\">\n\t\t\t\t<div class=\"elementor-widget-container\">\n\t\t\t\t\t\t\t<div class=\"elementor-image-gallery\">\n\t\t\t<div id='gallery-1' class='gallery galleryid-10 gallery-columns-1 gallery-size-ashe-list-thumbnail'><figure class='gallery-item'>\n\t\t\t<div class='gallery-icon landscape'>\n\t\t\t\t<a data-elementor-open-lightbox=\"yes\" data-elementor-lightbox-slideshow=\"6076789\" data-elementor-lightbox-title=\"Aur\u00e9lia Doula soin postnatal\" data-e-action-hash=\"#elementor-action%3Aaction%3Dlightbox%26settings%3DeyJpZCI6OTU5LCJ1cmwiOiJodHRwczpcL1wvYXVyZWxpYWRvdWxhLmZyXC93cC1jb250ZW50XC91cGxvYWRzXC8yMDIyXC8wMVwvYXVyZWxpYV9kb3VsYV9yZWJvem8tc2NhbGVkLWUxNjgzODc2MDU5MjAyLmpwZyIsInNsaWRlc2hvdyI6IjYwNzY3ODkifQ%3D%3D\" href='https:\/\/aureliadoula.fr\/wp-content\/uploads\/2022\/01\/aurelia_doula_rebozo-scaled-e1683876059202.jpg'><img fetchpriority=\"high\" decoding=\"async\" width=\"300\" height=\"300\" src=\"https:\/\/aureliadoula.fr\/wp-content\/uploads\/2022\/01\/aurelia_doula_rebozo-scaled-e1683876059202-300x300.jpg\" class=\"attachment-ashe-list-thumbnail size-ashe-list-thumbnail\" alt=\"Aur\u00e9lia Doula rebozo soin postnatal fermeture soin des matrones europ\u00e9en\" srcset=\"https:\/\/aureliadoula.fr\/wp-content\/uploads\/2022\/01\/aurelia_doula_rebozo-scaled-e1683876059202-300x300.jpg 300w, https:\/\/aureliadoula.fr\/wp-content\/uploads\/2022\/01\/aurelia_doula_rebozo-scaled-e1683876059202-1024x1024.jpg 1024w, https:\/\/aureliadoula.fr\/wp-content\/uploads\/2022\/01\/aurelia_doula_rebozo-scaled-e1683876059202-150x150.jpg 150w, https:\/\/aureliadoula.fr\/wp-content\/uploads\/2022\/01\/aurelia_doula_rebozo-scaled-e1683876059202-768x768.jpg 768w, https:\/\/aureliadoula.fr\/wp-content\/uploads\/2022\/01\/aurelia_doula_rebozo-scaled-e1683876059202-1140x1140.jpg 1140w, https:\/\/aureliadoula.fr\/wp-content\/uploads\/2022\/01\/aurelia_doula_rebozo-scaled-e1683876059202-75x75.jpg 75w, https:\/\/aureliadoula.fr\/wp-content\/uploads\/2022\/01\/aurelia_doula_rebozo-scaled-e1683876059202.jpg 1427w\" sizes=\"(max-width: 300px) 100vw, 300px\" \/><\/a>\n\t\t\t<\/div><\/figure><figure class='gallery-item'>\n\t\t\t<div class='gallery-icon landscape'>\n\t\t\t\t<a data-elementor-open-lightbox=\"yes\" data-elementor-lightbox-slideshow=\"6076789\" data-elementor-lightbox-title=\"IMG_20230307_104536\" data-e-action-hash=\"#elementor-action%3Aaction%3Dlightbox%26settings%3DeyJpZCI6MTI0NSwidXJsIjoiaHR0cHM6XC9cL2F1cmVsaWFkb3VsYS5mclwvd3AtY29udGVudFwvdXBsb2Fkc1wvMjAyM1wvMDNcL0lNR18yMDIzMDMwN18xMDQ1MzYtc2NhbGVkLWUxNjc4MTg2ODg2MjYzLmpwZyIsInNsaWRlc2hvdyI6IjYwNzY3ODkifQ%3D%3D\" href='https:\/\/aureliadoula.fr\/wp-content\/uploads\/2023\/03\/IMG_20230307_104536-scaled-e1678186886263.jpg'><img decoding=\"async\" width=\"300\" height=\"300\" src=\"https:\/\/aureliadoula.fr\/wp-content\/uploads\/2023\/03\/IMG_20230307_104536-scaled-e1678186886263-300x300.jpg\" class=\"attachment-ashe-list-thumbnail size-ashe-list-thumbnail\" alt=\"\" srcset=\"https:\/\/aureliadoula.fr\/wp-content\/uploads\/2023\/03\/IMG_20230307_104536-scaled-e1678186886263-300x300.jpg 300w, https:\/\/aureliadoula.fr\/wp-content\/uploads\/2023\/03\/IMG_20230307_104536-scaled-e1678186886263-150x150.jpg 150w, https:\/\/aureliadoula.fr\/wp-content\/uploads\/2023\/03\/IMG_20230307_104536-scaled-e1678186886263-75x75.jpg 75w\" sizes=\"(max-width: 300px) 100vw, 300px\" \/><\/a>\n\t\t\t<\/div><\/figure><figure class='gallery-item'>\n\t\t\t<div class='gallery-icon landscape'>\n\t\t\t\t<a data-elementor-open-lightbox=\"yes\" data-elementor-lightbox-slideshow=\"6076789\" data-elementor-lightbox-title=\"aure_des_bois_roue_celte\" data-e-action-hash=\"#elementor-action%3Aaction%3Dlightbox%26settings%3DeyJpZCI6NzU0LCJ1cmwiOiJodHRwczpcL1wvYXVyZWxpYWRvdWxhLmZyXC93cC1jb250ZW50XC91cGxvYWRzXC8yMDIyXC8wMVwvYXVyZV9kZXNfYm9pc19yb3VlX2NlbHRlLmpwZyIsInNsaWRlc2hvdyI6IjYwNzY3ODkifQ%3D%3D\" href='https:\/\/aureliadoula.fr\/wp-content\/uploads\/2022\/01\/aure_des_bois_roue_celte.jpg'><img decoding=\"async\" width=\"300\" height=\"300\" src=\"https:\/\/aureliadoula.fr\/wp-content\/uploads\/2022\/01\/aure_des_bois_roue_celte-300x300.jpg\" class=\"attachment-ashe-list-thumbnail size-ashe-list-thumbnail\" alt=\"\" srcset=\"https:\/\/aureliadoula.fr\/wp-content\/uploads\/2022\/01\/aure_des_bois_roue_celte-300x300.jpg 300w, https:\/\/aureliadoula.fr\/wp-content\/uploads\/2022\/01\/aure_des_bois_roue_celte-150x150.jpg 150w, https:\/\/aureliadoula.fr\/wp-content\/uploads\/2022\/01\/aure_des_bois_roue_celte-75x75.jpg 75w\" sizes=\"(max-width: 300px) 100vw, 300px\" \/><\/a>\n\t\t\t<\/div><\/figure><figure class='gallery-item'>\n\t\t\t<div class='gallery-icon landscape'>\n\t\t\t\t<a data-elementor-open-lightbox=\"yes\" data-elementor-lightbox-slideshow=\"6076789\" data-elementor-lightbox-title=\"Mama Blessing C\u00e9l\u00e9bration p\u00e9rnatale\" data-e-action-hash=\"#elementor-action%3Aaction%3Dlightbox%26settings%3DeyJpZCI6NDA1LCJ1cmwiOiJodHRwczpcL1wvYXVyZWxpYWRvdWxhLmZyXC93cC1jb250ZW50XC91cGxvYWRzXC8yMDIxXC8wNFwvQ29waWUtZGUtSU1HXzEwMjctc2NhbGVkLWUxNjgzODc1ODExMzY0LmpwZyIsInNsaWRlc2hvdyI6IjYwNzY3ODkifQ%3D%3D\" href='https:\/\/aureliadoula.fr\/wp-content\/uploads\/2021\/04\/Copie-de-IMG_1027-scaled-e1683875811364.jpg'><img loading=\"lazy\" decoding=\"async\" width=\"300\" height=\"300\" src=\"https:\/\/aureliadoula.fr\/wp-content\/uploads\/2021\/04\/Copie-de-IMG_1027-scaled-e1683875811364-300x300.jpg\" class=\"attachment-ashe-list-thumbnail size-ashe-list-thumbnail\" alt=\"Mama Blessing C\u00e9l\u00e9bration p\u00e9rnatale Aur\u00e9lia Doula\" srcset=\"https:\/\/aureliadoula.fr\/wp-content\/uploads\/2021\/04\/Copie-de-IMG_1027-scaled-e1683875811364-300x300.jpg 300w, https:\/\/aureliadoula.fr\/wp-content\/uploads\/2021\/04\/Copie-de-IMG_1027-scaled-e1683875811364-1024x1024.jpg 1024w, https:\/\/aureliadoula.fr\/wp-content\/uploads\/2021\/04\/Copie-de-IMG_1027-scaled-e1683875811364-150x150.jpg 150w, https:\/\/aureliadoula.fr\/wp-content\/uploads\/2021\/04\/Copie-de-IMG_1027-scaled-e1683875811364-768x768.jpg 768w, https:\/\/aureliadoula.fr\/wp-content\/uploads\/2021\/04\/Copie-de-IMG_1027-scaled-e1683875811364-1140x1140.jpg 1140w, https:\/\/aureliadoula.fr\/wp-content\/uploads\/2021\/04\/Copie-de-IMG_1027-scaled-e1683875811364-75x75.jpg 75w, https:\/\/aureliadoula.fr\/wp-content\/uploads\/2021\/04\/Copie-de-IMG_1027-scaled-e1683875811364.jpg 1427w\" sizes=\"(max-width: 300px) 100vw, 300px\" \/><\/a>\n\t\t\t<\/div><\/figure>\n\t\t<\/div>\n\t\t<\/div>\n\t\t\t\t\t\t<\/div>\n\t\t\t\t<\/div>\n\t\t\t\t\t<\/div>\n\t\t<\/div>\n\t\t\t\t<div class=\"elementor-column elementor-col-66 elementor-top-column elementor-element elementor-element-f0ff002\" data-id=\"f0ff002\" data-element_type=\"column\" data-e-type=\"column\">\n\t\t\t<div class=\"elementor-widget-wrap elementor-element-populated\">\n\t\t\t\t\t\t<div class=\"elementor-element elementor-element-e55aec8 elementor-widget elementor-widget-heading\" data-id=\"e55aec8\" data-element_type=\"widget\" data-e-type=\"widget\" data-widget_type=\"heading.default\">\n\t\t\t\t<div class=\"elementor-widget-container\">\n\t\t\t\t\t<h2 class=\"elementor-heading-title elementor-size-default\">Soin rituel postnatal europ\u00e9en<\/h2>\t\t\t\t<\/div>\n\t\t\t\t<\/div>\n\t\t\t\t<div class=\"elementor-element elementor-element-dc25a82 elementor-widget elementor-widget-text-editor\" data-id=\"dc25a82\" data-element_type=\"widget\" data-e-type=\"widget\" data-widget_type=\"text-editor.default\">\n\t\t\t\t<div class=\"elementor-widget-container\">\n\t\t\t\t\t\t\t\t\t<p>Ce soin rituel <strong>postnatal<\/strong> issu de nos <strong>traditions locales<\/strong> est propos\u00e9 \u00e0 <strong>domicile<\/strong> et se compose :<\/p><ul><li><span style=\"color: #000000;\">d\u2019un temps d\u2019\u00e9change autour d&rsquo;une boisson chaude,<\/span><\/li><li><span style=\"color: #000000;\">d&rsquo;un <strong>bain de vapeurs<\/strong> ou bain de si\u00e8ge,<\/span><\/li><li><span style=\"color: #000000;\">d&rsquo;un <strong>massage<\/strong>,<\/span><\/li><li><span style=\"color: #000000;\">de <strong>cataplasmes<\/strong> (poitrine et ventre),<\/span><\/li><li><span style=\"color: #000000;\">d&rsquo;un <strong>serrage de bassin<\/strong> et d&rsquo;enveloppements<\/span><\/li><\/ul><div><span style=\"color: #000000;\">Je vous laisse ensuite vous reposer dans votre cocon, je m&rsquo;adapte aussi \u00e0 votre b\u00e9b\u00e9 qui peut \u00eatre avec votre partenaire ou bien aupr\u00e8s de vous pendant le soin si besoin.<\/span><\/div><div><span style=\"color: #000000;\">\u00a0<\/span><\/div><p>Le soin dure environ\u00a0<strong>3h<\/strong>\u00a0et la femme qui le re\u00e7oit est invit\u00e9e \u00e0 formuler une\u00a0<strong>intention<\/strong>\u00a0afin de marquer symboliquement ce passage de vie. Refermer<span style=\"font-family: var( --e-global-typography-text-font-family ), Sans-serif; font-weight: var( --e-global-typography-text-font-weight ); letter-spacing: 0px;\">\u00a0cette parenth\u00e8se de la grossesse et de l&rsquo;accouchement pour s&rsquo;ouvrir \u00e0 une nouvelle vie avec son (ou ses) b\u00e9b\u00e9.s !<\/span><\/p><p><span style=\"font-family: var( --e-global-typography-text-font-family ), Sans-serif; font-weight: var( --e-global-typography-text-font-weight ); letter-spacing: 0px;\">Tous les <strong>produits utilis\u00e9s<\/strong> sont s\u00e9lectionn\u00e9s avec attention, ils sont <strong>bios<\/strong>, faits <strong>maison<\/strong> ou proviennent directement de mon <strong>jardin<\/strong> (huiles, plantes&#8230;).<\/span><\/p><p><span style=\"font-family: var( --e-global-typography-text-font-family ), Sans-serif; font-weight: var( --e-global-typography-text-font-weight ); letter-spacing: 0px;\">\u00a0<\/span><\/p><p><em><span style=\"font-family: var( --e-global-typography-text-font-family ), Sans-serif; font-weight: var( --e-global-typography-text-font-weight ); letter-spacing: 0px;\">Si vous pr\u00e9f\u00e9rez un suivi plus long pour votre postnatal, je propose aussi un <a href=\"https:\/\/aureliadoula.fr\/index.php\/accompagnement\/\">accompagnement de 4 s\u00e9ances<\/a> d\u00e8s le retour de la maternit\u00e9 dans lequel je peux aussi vous prodiguer une partie de ces soins au fur et \u00e0 mesure de nos rencontres.<\/span><\/em><\/p>\t\t\t\t\t\t\t\t<\/div>\n\t\t\t\t<\/div>\n\t\t\t\t<div class=\"elementor-element elementor-element-6aa8819 elementor-widget elementor-widget-html\" data-id=\"6aa8819\" data-element_type=\"widget\" data-e-type=\"widget\" data-widget_type=\"html.default\">\n\t\t\t\t<div class=\"elementor-widget-container\">\n\t\t\t\t\t<table style='background: URL(\"https:\/\/aureliadoula.fr\/wp-content\/uploads\/2020\/10\/018-subtle-light-patterns-vol04_2-copie.jpg\") ; width: 250px;'>\n    <tr>\n        <td>Soin de 3h \u00e0 domicile\n        <\/td>\n        <th>\n            <!--200\u20ac-->\n            <i>180\u20ac<\/i>\n        <\/th>\n    <\/tr>\n<\/table>\t\t\t\t<\/div>\n\t\t\t\t<\/div>\n\t\t\t\t<div class=\"elementor-element elementor-element-edc3a53 elementor-widget-divider--separator-type-pattern elementor-widget-divider--no-spacing elementor-widget-divider--view-line elementor-widget elementor-widget-divider\" data-id=\"edc3a53\" data-element_type=\"widget\" data-e-type=\"widget\" data-widget_type=\"divider.default\">\n\t\t\t\t<div class=\"elementor-widget-container\">\n\t\t\t\t\t\t\t<div class=\"elementor-divider\" style=\"--divider-pattern-url: url(&quot;data:image\/svg+xml,%3Csvg xmlns=&#039;http:\/\/www.w3.org\/2000\/svg&#039; preserveAspectRatio=&#039;xMidYMid meet&#039; overflow=&#039;visible&#039; height=&#039;100%&#039; viewBox=&#039;0 0 126 26&#039; fill=&#039;black&#039; stroke=&#039;none&#039;%3E%3Cpath d=&#039;M3,10.2c2.6,0,2.6,2,2.6,3.2S4.4,16.5,3,16.5s-3-1.4-3-3.2S0.4,10.2,3,10.2z M18.8,10.2c1.7,0,3.2,1.4,3.2,3.2s-1.4,3.2-3.2,3.2c-1.7,0-3.2-1.4-3.2-3.2S17,10.2,18.8,10.2z M34.6,10.2c1.5,0,2.6,1.4,2.6,3.2s-0.5,3.2-1.9,3.2c-1.5,0-3.4-1.4-3.4-3.2S33.1,10.2,34.6,10.2z M50.5,10.2c1.7,0,3.2,1.4,3.2,3.2s-1.4,3.2-3.2,3.2c-1.7,0-3.3-0.9-3.3-2.6S48.7,10.2,50.5,10.2z M66.2,10.2c1.5,0,3.4,1.4,3.4,3.2s-1.9,3.2-3.4,3.2c-1.5,0-2.6-0.4-2.6-2.1S64.8,10.2,66.2,10.2z M82.2,10.2c1.7,0.8,2.6,1.4,2.6,3.2s-0.1,3.2-1.6,3.2c-1.5,0-3.7-1.4-3.7-3.2S80.5,9.4,82.2,10.2zM98.6,10.2c1.5,0,2.6,0.4,2.6,2.1s-1.2,4.2-2.6,4.2c-1.5,0-3.7-0.4-3.7-2.1S97.1,10.2,98.6,10.2z M113.4,10.2c1.2,0,2.2,0.9,2.2,3.2s-0.1,3.2-1.3,3.2s-3.1-1.4-3.1-3.2S112.2,10.2,113.4,10.2z&#039;\/%3E%3C\/svg%3E&quot;);\">\n\t\t\t<span class=\"elementor-divider-separator\">\n\t\t\t\t\t\t<\/span>\n\t\t<\/div>\n\t\t\t\t\t\t<\/div>\n\t\t\t\t<\/div>\n\t\t\t\t<div class=\"elementor-element elementor-element-64c6a8d elementor-widget elementor-widget-heading\" data-id=\"64c6a8d\" data-element_type=\"widget\" data-e-type=\"widget\" data-widget_type=\"heading.default\">\n\t\t\t\t<div class=\"elementor-widget-container\">\n\t\t\t\t\t<h2 class=\"elementor-heading-title elementor-size-default\">Soin rituel Rebozo (Mexique)<\/h2>\t\t\t\t<\/div>\n\t\t\t\t<\/div>\n\t\t\t\t<div class=\"elementor-element elementor-element-ee5932e elementor-widget elementor-widget-text-editor\" data-id=\"ee5932e\" data-element_type=\"widget\" data-e-type=\"widget\" data-widget_type=\"text-editor.default\">\n\t\t\t\t<div class=\"elementor-widget-container\">\n\t\t\t\t\t\t\t\t\t<p><span style=\"letter-spacing: 0px;\">Ce\u00a0<strong>soin rituel<\/strong>\u00a0se pratique en <strong>bin\u00f4me<\/strong> et se compose :<\/span><\/p><ul><li><span style=\"color: #000000;\">d&rsquo;un temps d&rsquo;\u00e9change,\u00a0<\/span><\/li><li><span style=\"color: #000000;\">d&rsquo;un <strong>massage<\/strong> \u00e0 4 mains,<\/span><\/li><li><span style=\"color: #000000;\">d&rsquo;un temps de <strong>hammam<\/strong> ou de bain<\/span><\/li><li><span style=\"color: #000000;\">de <strong>serrages<\/strong> du corps en 7 points avec des \u00e9charpes rebozo<\/span><\/li><li><span style=\"color: #000000;\">d&rsquo;un nouveau temps d&rsquo;\u00e9change<\/span><\/li><\/ul><p>Le soin rituel dure environ <strong>3h<\/strong> et la femme qui le re\u00e7oit est invit\u00e9e \u00e0 formuler une <strong>intention<\/strong> : fermer quelque chose pour ouvrir vers un nouveau chapitre, en postnatal ou \u00e0 n&rsquo;importe quelle \u00e9tape importante de sa vie.<\/p><p>Une <strong>tisane<\/strong> nous accompagne tout au long du soin ! Les plantes g\u00e9n\u00e9ralement utilis\u00e9es pour leurs propri\u00e9t\u00e9s r\u00e9chauffantes sont : la cannelle, le romarin et le piment.<\/p><p style=\"text-align: center;\"><em>Douceur, amour, cocooning, chaleur, accueil, enveloppement, soutien : voil\u00e0 ce que je souhaite transmettre dans ce soin \u2665<\/em><\/p><p style=\"text-align: left;\">Je le pratique en bin\u00f4me avec Severine de <a href=\"https:\/\/audeladeleau77.fr\/\">Au-del\u00e0 de l&rsquo;eau<\/a> \u00e0 la <a href=\"https:\/\/www.google.com\/maps\/place\/Au+del%C3%A0+de+l%E2%80%99eau\/@48.5619757,3.2884296,20z\/data=!4m6!3m5!1s0x47ef311f087a5f77:0xd4e925d196d71dfb!8m2!3d48.5621093!4d3.2884857!16s%2Fg%2F11tg784j89?entry=ttu&amp;g_ep=EgoyMDI0MDkwNC4wIKXMDSoASAFQAw%3D%3D\">Kaverne d&rsquo;Hemera<\/a>\u00a0\u00e0 Provins (77), o\u00f9 nous vous pr\u00e9parons un joli cocon !<\/p>\t\t\t\t\t\t\t\t<\/div>\n\t\t\t\t<\/div>\n\t\t\t\t<div class=\"elementor-element elementor-element-760a394 elementor-widget elementor-widget-html\" data-id=\"760a394\" data-element_type=\"widget\" data-e-type=\"widget\" data-widget_type=\"html.default\">\n\t\t\t\t<div class=\"elementor-widget-container\">\n\t\t\t\t\t<table style='background: URL(\"https:\/\/aureliadoula.fr\/wp-content\/uploads\/2020\/10\/018-subtle-light-patterns-vol04_2-copie.jpg\") ; width: 250px;'>\n    <tr>\n        <td>Soin de 3h \u00e0 la Kaverne d'Hemera (Provins)\n        <\/td>\n        <th>\n            <!--200\u20ac-->\n            <i>300\u20ac<\/i>\n        <\/th>\n    <\/tr>\n<\/table>\t\t\t\t<\/div>\n\t\t\t\t<\/div>\n\t\t\t\t\t<\/div>\n\t\t<\/div>\n\t\t\t\t\t<\/div>\n\t\t<\/section>\n\t\t\t\t<\/div>\n\t\t","protected":false},"excerpt":{"rendered":"<p>Soin rituel postnatal europ\u00e9en Ce soin rituel postnatal issu de nos traditions locales est propos\u00e9 \u00e0 domicile et se compose : d\u2019un temps d\u2019\u00e9change autour d&rsquo;une boisson chaude, d&rsquo;un bain de vapeurs ou bain de si\u00e8ge, d&rsquo;un massage, de cataplasmes (poitrine et ventre), d&rsquo;un serrage de bassin et d&rsquo;enveloppements Je vous laisse ensuite vous reposer dans votre cocon, je m&rsquo;adapte aussi \u00e0 votre b\u00e9b\u00e9 qui peut \u00eatre avec votre partenaire ou bien aupr\u00e8s de vous pendant le soin si besoin.\u00a0 Le soin dure environ\u00a03h\u00a0et la femme qui le re\u00e7oit est invit\u00e9e \u00e0 formuler une\u00a0intention\u00a0afin de marquer symboliquement ce passage de vie. Refermer\u00a0cette parenth\u00e8se de la grossesse et de l&rsquo;accouchement pour s&rsquo;ouvrir \u00e0 une nouvelle vie avec son (ou ses) b\u00e9b\u00e9.s ! Tous les produits utilis\u00e9s sont s\u00e9lectionn\u00e9s avec attention, ils sont bios, faits maison ou proviennent directement de mon jardin (huiles, plantes&#8230;). \u00a0 Si vous pr\u00e9f\u00e9rez un suivi plus long pour votre postnatal, je propose aussi un accompagnement de 4 s\u00e9ances d\u00e8s le retour de la maternit\u00e9 dans lequel je peux aussi vous prodiguer une partie de ces soins au fur et \u00e0 mesure de nos rencontres. Soin de 3h \u00e0 domicile 180\u20ac Soin rituel Rebozo (Mexique) Ce\u00a0soin rituel\u00a0se pratique en bin\u00f4me et se compose : d&rsquo;un temps d&rsquo;\u00e9change,\u00a0 d&rsquo;un massage \u00e0 4 mains, d&rsquo;un temps de hammam ou de bain de serrages du corps en 7 points avec des \u00e9charpes rebozo d&rsquo;un nouveau temps d&rsquo;\u00e9change Le soin rituel dure environ 3h et la femme qui le re\u00e7oit est invit\u00e9e \u00e0 formuler une intention : fermer quelque chose pour ouvrir vers un nouveau chapitre, en postnatal ou \u00e0 n&rsquo;importe quelle \u00e9tape importante de sa vie. Une tisane nous accompagne tout au long du soin ! Les plantes g\u00e9n\u00e9ralement utilis\u00e9es pour leurs propri\u00e9t\u00e9s r\u00e9chauffantes sont : la cannelle, le romarin et le piment. Douceur, amour, cocooning, chaleur, accueil, enveloppement, soutien : voil\u00e0 ce que je souhaite transmettre dans ce soin \u2665 Je le pratique en bin\u00f4me avec Severine de Au-del\u00e0 de l&rsquo;eau \u00e0 la Kaverne d&rsquo;Hemera\u00a0\u00e0 Provins (77), o\u00f9 nous vous pr\u00e9parons un joli cocon ! Soin de 3h \u00e0 la Kaverne d&rsquo;Hemera (Provins) 300\u20ac<\/p>\n","protected":false},"author":1,"featured_media":0,"parent":0,"menu_order":0,"comment_status":"closed","ping_status":"closed","template":"","meta":{"footnotes":""},"class_list":["post-10","page","type-page","status-publish","hentry"],"_links":{"self":[{"href":"https:\/\/aureliadoula.fr\/index.php\/wp-json\/wp\/v2\/pages\/10","targetHints":{"allow":["GET"]}}],"collection":[{"href":"https:\/\/aureliadoula.fr\/index.php\/wp-json\/wp\/v2\/pages"}],"about":[{"href":"https:\/\/aureliadoula.fr\/index.php\/wp-json\/wp\/v2\/types\/page"}],"author":[{"embeddable":true,"href":"https:\/\/aureliadoula.fr\/index.php\/wp-json\/wp\/v2\/users\/1"}],"replies":[{"embeddable":true,"href":"https:\/\/aureliadoula.fr\/index.php\/wp-json\/wp\/v2\/comments?post=10"}],"version-history":[{"count":59,"href":"https:\/\/aureliadoula.fr\/index.php\/wp-json\/wp\/v2\/pages\/10\/revisions"}],"predecessor-version":[{"id":1517,"href":"https:\/\/aureliadoula.fr\/index.php\/wp-json\/wp\/v2\/pages\/10\/revisions\/1517"}],"wp:attachment":[{"href":"https:\/\/aureliadoula.fr\/index.php\/wp-json\/wp\/v2\/media?parent=10"}],"curies":[{"name":"wp","href":"https:\/\/api.w.org\/{rel}","templated":true}]}}